(l) = -7*l + 3. Let i(n) = 8*n - 3. Let g(h) = 2*i(h) + 3*u(h). Let q be g(-12). Let w = -24 + q. Calculate the remainder when w is divided by 10.
9
Suppose -5*y = -2*y - 3*v - 171, -4*v = -12. Let j be 6/(-9) + (-2794)/(-6). Suppose 0 = 14*p + p - j. Calculate the remainder when y is divided by p.
29
Let q = -945 + 974. Calculate the remainder when 286 is divided by q.
25
Let x = -222 + 253. What is the remainder when x is divided by 7?
3
Suppose 46*h + d + 308 = 50*h, 0 = -h + 2*d + 84. Calculate the remainder when h is divided by 35.
6
Let x = 26 + -22. Let c be 4 - 4 - -1*x. Suppose -c*r + 52 = -0*r. What is the remainder when 37 is divided by r?
11
Suppose 13*n - 872 = -53. What is the remainder when n is divided by 11?
8
Let l(w) = -w**2 - 11*w + 7. Let u(m) = 3*m**2 + 34*m - 20. Let c(r) = -17*l(r) - 6*u(r). Let s = 37 - 53. What is the remainder when 66 is divided by c(s)?
15
Suppose -2*a + 192 = x, -5*x + 4*a + 880 = -66. Let j(s) = 162*s - 1588. Calculate the remainder when x is divided by j(10).
30
Suppose -4*f - d = 185 - 305, 4*d = 3*f - 71. What is the remainder when (4/(-10))/(2/(-430)) is divided by f?
28
Suppose 2*a + w + 35 = 127, 4*a + w - 182 = 0. Suppose -m = -6*m + a. Suppose m + 66 = 3*q. Calculate the remainder when 47 is divided by q.
22
Calculate the remainder when 86 is divided by -1 + 30 - (-7 + 1 + 2).
20
Let s(f) = f**2 + 3*f - 10. Let c be s(3). Suppose -c = -2*j - 76. Calculate the remainder when 37 is divided by ((4 - j)/(-2))/(-1).
18
Suppose 39 - 3 = 4*i. What is the remainder when (840/(-45) - -11)*-3 is divided by i?
5
Suppose 2*x + 2*n + 7 = -3*x, -3*x + n = 13. Let p(k) = -4*k + 7. Calculate the remainder when p(x) is divided by 5.
4
Suppose -91 = -5*u + 4*j, -3*u - 3*j + 32 = -1. Let c be 2/4*1*(0 + 10). Calculate the remainder when ((-82)/(-5))/(2/c) is divided by u.
11
Let o = 10 + -4. Suppose -5*u + 2*b + 2 = 0, 5*u - 6*b - o = -5*b. Calculate the remainder when (-3)/(5 - u) - -96 is divided by 14.
11
Suppose -643 = -3*b - 4*n, -2*b = -3*n - n - 402. What is the remainder when b is divided by 53?
50
Let j = 3649 - 3635. Let w(c) = 5*c**2 - 3*c - 1. Suppose x - 2*x - 3 = 0. Calculate the remainder when w(x) is divided by j.
11
Let r = 21 + -16. Suppose s - 62 = -4*a, r*s - 8*s = -6. What is the remainder when 147 is divided by a?
12
Suppose 15*m - 296 = 79. Suppose -2*g = -d + 2, -3*g - 4 = -3*d + d. Let t = g - -7. Calculate the remainder when m is divided by t.
4
Suppose 0 = -3*g + 48 - 66. Calculate the remainder when 79 is divided by (-1)/3*-2 - 128/g.
13
Let c(g) = -g**2. Let l be c(-4). Calculate the remainder when 6/2*(0 - 68/(-6)) is divided by (-6)/8 + (-92)/l.
4
Let d(r) = -4*r + 47. Calculate the remainder when 35 is divided by d(9).
2
Let p(z) = 4 + z**2 + 0*z + 0*z - 4*z. Let j(h) = -h**3 - 8*h**2 + 9*h + 5. Let y be j(-9). What is the remainder when 26 is divided by p(y)?
8
Let a = -1242 - -1518. What is the remainder when a is divided by 25?
1
Suppose 5*f + 4*g = 25, -3*f + 5*f - g = 10. Suppose f*y + 0*y - 118 = 2*k, 25 = y + k. Let b = -9 + 79. Calculate the remainder when b is divided by y.
22
Suppose -2672 = -361*y + 345*y. Calculate the remainder when y is divided by 54.
5
Let x(k) = k**2 - 4*k + 4. Let v be x(5). Suppose v = -3*o + n - 15, 0 = o + 2*n + 8. What is the remainder when 21 is divided by 3 - 32/(o/2)?
10
Let f = 30 + -36. Let v(s) = -3*s**3 - 13*s**2 + 5*s - 13. What is the remainder when v(f) is divided by 35?
32
Let o = -128 + 130. Suppose 4 = -o*p + 74. Calculate the remainder when p is divided by 4.
3
Suppose -39*d - 9 = -42*d, 2*w = 2*d + 184. What is the remainder when w is divided by 11?
7
Suppose 8*o = 156 + 84. What is the remainder when 88 is divided by o?
28
Let r(s) = s**2 - 13*s - 18. Suppose -2*l = 5*g - 27, -2*g = -l + 3 + 6. Calculate the remainder when r(17) is divided by l.
6
Let o(j) = -20*j - 451. What is the remainder when 244 is divided by o(-25)?
48
Suppose 2*c - 17 = c. Let t = -57 + 87. Calculate the remainder when t is divided by c.
13
Let h be (2 - 4)/1*-6. Let l = h + -3. What is the remainder when l is divided by 6?
3
Suppose 21*y - 20*y - 1 = 0. Suppose 5*k = 5 + 5. Calculate the remainder when k*24 + (-2 - y) is divided by 24.
21
Suppose 0*j + 36 = -4*u - 2*j, j + 34 = -4*u. Let r be u/(-12) + (-86)/(-6). What is the remainder when 9/(-15) + 684/r is divided by 12?
9
Suppose 7*i - 40 = 51. Let a(z) = -z**3 - z**2 - z + 5. Let y be a(0). Suppose 0 = y*k - 0*k - 180. What is the remainder when k is divided by i?
10
Suppose 4*s - 13 - 15 = 0. Let u(a) = a + 5. Suppose 6*c - 28 = 20. What is the remainder when u(s) is divided by c?
4
Suppose 468 = 8*f - 2*f. What is the remainder when (2 + -4)/(-4*1/f) is divided by 8?
7
Let s be 4/5*(-10)/(-4). Suppose s*w + 3*o = w + 10, -5*w + 4*o + 145 = 0. Calculate the remainder when ((-564)/(-18))/(6/9) is divided by w.
22
What is the remainder when 68 is divided by (33/6)/((-13)/(-78))?
2
Let d be 4/((-4)/12*1*-3). Suppose -n + 10*s = 11*s - 17, 5*s = -d*n + 72. What is the remainder when 33 is divided by n?
7
Let i(s) = s**2 + 4*s - 16. Let z be i(-8). Let f = 66 - z. Calculate the remainder when 147 is divided by f.
47
Let y = -106 - -228. Calculate the remainder when y is divided by 21.
17
Let v(d) = -d - 13. Let y be v(-7). Let w be y*(-1 + 1/2). Suppose 0 = -j + w*j - 10. Calculate the remainder when 22 is divided by j.
2
Let p be 4 - (3 - (2 + 7)). Let v(b) = b**3 - 9*b**2 - 8*b - 3. What is the remainder when v(p) is divided by 4?
1
Let a(y) = 3*y**2 + 4*y - 8. Calculate the remainder when 170 is divided by a(5).
83
Let m(t) = t**3 - 5*t**2 - 7*t + 17. Let k(j) = j. Let s be k(5). Let q be s - -1*2/2. Calculate the remainder when 30 is divided by m(q).
8
Let u = -23 + 33. Suppose 4*b - 45 = -c + 11, -52 = -c - 2*b. Let j = 97 - c. Calculate the remainder when j is divided by u.
9
Let j = -145 - -155. What is the remainder when 22/(-1 + 2)*4 is divided by j?
8
Let c = 11 + -5. Let j(f) = 19*f - 3. Let v be j(c). Calculate the remainder when 29 is divided by v/15 + 6/10.
5
Let j(l) be the first derivative of -l**3/3 + 5*l**2/2 + 18*l - 35. Calculate the remainder when 56 is divided by j(5).
2
Suppose -r = 4 - 66. Let q be 0 + -1 + r/(-2). Let j = q + 59. Calculate the remainder when j is divided by 10.
7
Suppose -35*b = -38*b + 1725. What is the remainder when b is divided by 95?
5
Suppose 5*z + 116 = q, 0*z - 3*q + 60 = -3*z. What is the remainder when 127 is divided by ((-117)/12)/(z/64)?
23
Let z = 29 + -34. Let u(v) = 3*v**2 - 2*v + 11. What is the remainder when u(z) is divided by 9?
6
Suppose 37 = -2*z + 145. What is the remainder when z is divided by 14?
12
Suppose 0 = -7*n + 72 + 215. Let a = 12 + 8. Let k = a - 5. Calculate the remainder when n is divided by k.
11
Suppose -8 + 9 = t. Let y be t/6 + 58/12. Suppose -3*b - y = -20. What is the remainder when 15 is divided by b?
0
Let a = 955 + -946. What is the remainder when 332 is divided by a?
8
Let x(k) be the first derivative of 63*k**2/2 - k + 3. Let a be x(1). What is the remainder when 13 is divided by a/8 + 3/(-4)?
6
Suppose 5*r = 3 + 27. Suppose -2*f + r*f - 88 = 0. What is the remainder when 84 is divided by f?
18
Let d(j) = 73*j**2 + 3185 - 3185. What is the remainder when d(-1) is divided by 25?
23
Let a(f) = 4*f**2 - 62*f - 16. What is the remainder when a(18) is divided by 36?
20
Calculate the remainder when 207 is divided by (-84)/18*(4/2 - 17).
67
Suppose -4*f - 319 = 365. What is the remainder when 81 is divided by f/(-9) - (-1 - 1)?
18
Suppose -9*s = -5*s - 40. Let h(c) = -c**3 + 11*c**2 - 7*c - 1. Calculate the remainder when h(s) is divided by 11.
7
Let n = 299 - 138. Calculate the remainder when n is divided by 18.
17
Let w = 19 - 7. Suppose 4*d = 2*y - w, 4*y + 4*d - 2*d = -26. Calculate the remainder when 20/y*3/(-3) is divided by 2.
1
Let a(f) = -3*f**3 - f**2 - f + 46. Suppose 3*v = -4*q + 16, -v - 11 = q - 2*q. What is the remainder when a(0) is divided by q?
4
Suppose 0 = -7*q + 147 + 189. What is the remainder when q is divided by 18?
12
Let v = -16 + 28. Suppose -24 = c - 4*c. Calculate the remainder when (-3)/v - (-298)/8 is divided by c.
5
Suppose 0 = -5*j + 2*j + 33. Suppose 7 - j = -2*z. Suppose -o = -2